{"id":237,"date":"2025-11-05T12:25:48","date_gmt":"2025-11-05T12:25:48","guid":{"rendered":"https:\/\/mandarinaagencia.com\/?page_id=237"},"modified":"2025-11-05T15:37:32","modified_gmt":"2025-11-05T15:37:32","slug":"agencia-mandarina","status":"publish","type":"page","link":"http:\/\/mandarinaagencia.com\/index.php\/agencia-mandarina\/","title":{"rendered":"Mandarina"},"content":{"rendered":"\t\t<div data-elementor-type=\"wp-page\" data-elementor-id=\"237\" class=\"elementor elementor-237\">\n\t\t\t\t<div class=\"elementor-element elementor-element-7ad6553 e-con-full e-flex e-con e-parent\" data-id=\"7ad6553\" data-element_type=\"container\" data-e-type=\"container\" data-settings=\"{&quot;background_background&quot;:&quot;classic&quot;,&quot;shape_divider_bottom&quot;:&quot;triangle-asymmetrical&quot;}\">\n\t\t\t\t<div class=\"elementor-shape elementor-shape-bottom\" aria-hidden=\"true\" data-negative=\"false\">\n\t\t\t<svg xmlns=\"http:\/\/www.w3.org\/2000\/svg\" viewBox=\"0 0 1000 100\" preserveAspectRatio=\"none\">\n\t<path class=\"elementor-shape-fill\" d=\"M738,99l262-93V0H0v5.6L738,99z\"\/>\n<\/svg>\t\t<\/div>\n\t\t<div class=\"elementor-element elementor-element-f8a142a e-con-full e-flex e-con e-child\" data-id=\"f8a142a\" data-element_type=\"container\" data-e-type=\"container\">\n\t\t\t\t<\/div>\n\t\t<div class=\"elementor-element elementor-element-788c959 e-con-full e-flex e-con e-child\" data-id=\"788c959\" data-element_type=\"container\" data-e-type=\"container\">\n\t\t\t\t<div class=\"elementor-element elementor-element-6d207dc elementor-widget elementor-widget-image\" data-id=\"6d207dc\" data-element_type=\"widget\" data-e-type=\"widget\" data-widget_type=\"image.default\">\n\t\t\t\t<div class=\"elementor-widget-container\">\n\t\t\t\t\t\t\t\t\t\t\t\t\t\t\t<img fetchpriority=\"high\" decoding=\"async\" width=\"768\" height=\"768\" src=\"https:\/\/mandarinaagencia.com\/wp-content\/uploads\/2025\/11\/mandarina_transparente-768x768.png\" class=\"attachment-medium_large size-medium_large wp-image-239\" alt=\"\" srcset=\"https:\/\/mandarinaagencia.com\/wp-content\/uploads\/2025\/11\/mandarina_transparente-768x768.png 768w, https:\/\/mandarinaagencia.com\/wp-content\/uploads\/2025\/11\/mandarina_transparente-300x300.png 300w, https:\/\/mandarinaagencia.com\/wp-content\/uploads\/2025\/11\/mandarina_transparente-1024x1024.png 1024w, https:\/\/mandarinaagencia.com\/wp-content\/uploads\/2025\/11\/mandarina_transparente-150x150.png 150w, https:\/\/mandarinaagencia.com\/wp-content\/uploads\/2025\/11\/mandarina_transparente-1536x1536.png 1536w, https:\/\/mandarinaagencia.com\/wp-content\/uploads\/2025\/11\/mandarina_transparente-100x100.png 100w, https:\/\/mandarinaagencia.com\/wp-content\/uploads\/2025\/11\/mandarina_transparente-200x200.png 200w, https:\/\/mandarinaagencia.com\/wp-content\/uploads\/2025\/11\/mandarina_transparente-400x400.png 400w, https:\/\/mandarinaagencia.com\/wp-content\/uploads\/2025\/11\/mandarina_transparente-500x500.png 500w, https:\/\/mandarinaagencia.com\/wp-content\/uploads\/2025\/11\/mandarina_transparente.png 2000w\" sizes=\"(max-width: 768px) 100vw, 768px\" \/>\t\t\t\t\t\t\t\t\t\t\t\t\t\t\t<\/div>\n\t\t\t\t<\/div>\n\t\t\t\t<\/div>\n\t\t\t\t<\/div>\n\t\t<div class=\"elementor-element elementor-element-a92961f e-flex e-con-boxed e-con e-parent\" data-id=\"a92961f\" data-element_type=\"container\" data-e-type=\"container\" data-settings=\"{&quot;background_background&quot;:&quot;classic&quot;}\">\n\t\t\t\t\t<div class=\"e-con-inner\">\n\t\t\t\t<div class=\"elementor-element elementor-element-1aabc3d elementor-widget elementor-widget-heading\" data-id=\"1aabc3d\" data-element_type=\"widget\" data-e-type=\"widget\" data-widget_type=\"heading.default\">\n\t\t\t\t<div class=\"elementor-widget-container\">\n\t\t\t\t\t<h2 class=\"elementor-heading-title elementor-size-default\">No nacimos para hacer \u201cm\u00e1s de lo mismo\u201d.\n<\/h2>\t\t\t\t<\/div>\n\t\t\t\t<\/div>\n\t\t\t\t<div class=\"elementor-element elementor-element-1a30ce1 elementor-widget__width-initial elementor-widget elementor-widget-text-editor\" data-id=\"1a30ce1\" data-element_type=\"widget\" data-e-type=\"widget\" data-widget_type=\"text-editor.default\">\n\t\t\t\t<div class=\"elementor-widget-container\">\n\t\t\t\t\t\t\t\t\t<p data-start=\"535\" data-end=\"796\">Nacimos para demostrar que el marketing puede ser fresco, estrat\u00e9gico y, sobre todo, <em data-start=\"667\" data-end=\"673\">real<\/em>.<br data-start=\"674\" data-end=\"677\" \/>Que detr\u00e1s de cada negocio hay una historia, una voz y una energ\u00eda que pueden transformarse en una marca inolvidable.<\/p><p data-start=\"798\" data-end=\"933\">Mandarina es eso: la mezcla perfecta entre <strong data-start=\"841\" data-end=\"882\">cabeza estrat\u00e9gica y coraz\u00f3n creativo<\/strong>.<br data-start=\"883\" data-end=\"886\" \/>Entre lo que se planifica y lo que se siente.<\/p><p data-start=\"798\" data-end=\"933\">\u00a0<\/p>\t\t\t\t\t\t\t\t<\/div>\n\t\t\t\t<\/div>\n\t\t<div class=\"elementor-element elementor-element-94b0442 e-con-full e-flex e-con e-child\" data-id=\"94b0442\" data-element_type=\"container\" data-e-type=\"container\">\n\t\t<div class=\"elementor-element elementor-element-adac2a9 e-con-full e-flex e-con e-child\" data-id=\"adac2a9\" data-element_type=\"container\" data-e-type=\"container\">\n\t\t\t\t<div class=\"elementor-element elementor-element-13d8886 elementor-widget elementor-widget-image\" data-id=\"13d8886\" data-element_type=\"widget\" data-e-type=\"widget\" data-widget_type=\"image.default\">\n\t\t\t\t<div class=\"elementor-widget-container\">\n\t\t\t\t\t\t\t\t\t\t\t\t\t\t\t<img decoding=\"async\" width=\"800\" height=\"800\" src=\"https:\/\/mandarinaagencia.com\/wp-content\/uploads\/2025\/11\/marta_mandarina-1024x1024.jpg\" class=\"attachment-large size-large wp-image-248\" alt=\"\" srcset=\"https:\/\/mandarinaagencia.com\/wp-content\/uploads\/2025\/11\/marta_mandarina-1024x1024.jpg 1024w, https:\/\/mandarinaagencia.com\/wp-content\/uploads\/2025\/11\/marta_mandarina-300x300.jpg 300w, https:\/\/mandarinaagencia.com\/wp-content\/uploads\/2025\/11\/marta_mandarina-150x150.jpg 150w, https:\/\/mandarinaagencia.com\/wp-content\/uploads\/2025\/11\/marta_mandarina-768x768.jpg 768w, https:\/\/mandarinaagencia.com\/wp-content\/uploads\/2025\/11\/marta_mandarina-100x100.jpg 100w, https:\/\/mandarinaagencia.com\/wp-content\/uploads\/2025\/11\/marta_mandarina-200x200.jpg 200w, https:\/\/mandarinaagencia.com\/wp-content\/uploads\/2025\/11\/marta_mandarina-400x400.jpg 400w, https:\/\/mandarinaagencia.com\/wp-content\/uploads\/2025\/11\/marta_mandarina-500x500.jpg 500w, https:\/\/mandarinaagencia.com\/wp-content\/uploads\/2025\/11\/marta_mandarina.jpg 1209w\" sizes=\"(max-width: 800px) 100vw, 800px\" \/>\t\t\t\t\t\t\t\t\t\t\t\t\t\t\t<\/div>\n\t\t\t\t<\/div>\n\t\t\t\t<\/div>\n\t\t<div class=\"elementor-element elementor-element-2e5a851 e-con-full e-flex e-con e-child\" data-id=\"2e5a851\" data-element_type=\"container\" data-e-type=\"container\">\n\t\t\t\t<div class=\"elementor-element elementor-element-4fcf8da elementor-widget elementor-widget-text-editor\" data-id=\"4fcf8da\" data-element_type=\"widget\" data-e-type=\"widget\" data-widget_type=\"text-editor.default\">\n\t\t\t\t<div class=\"elementor-widget-container\">\n\t\t\t\t\t\t\t\t\t<p data-start=\"990\" data-end=\"1144\">Todo empez\u00f3 con una libreta naranja, un port\u00e1til lleno de ideas y una frase escrita en may\u00fasculas:<br data-start=\"1088\" data-end=\"1091\" \/><strong data-start=\"1091\" data-end=\"1144\">\u201cSi no existe la agencia que quiero, la creo yo.\u201d<\/strong><\/p><p data-start=\"1146\" data-end=\"1374\">As\u00ed naci\u00f3 <em data-start=\"1156\" data-end=\"1173\">Marta Mandarina<\/em> \u2014una mente inquieta que llevaba a\u00f1os detr\u00e1s de marcas, campa\u00f1as y estrategias para otros, pero que so\u00f1aba con hacer las cosas a su manera:<br data-start=\"1312\" data-end=\"1315\" \/>sin corbatas, sin palabras vac\u00edas y sin postureo digital.<\/p><p data-start=\"1376\" data-end=\"1571\">Hoy, Mandarina es una agencia independiente que combina <strong data-start=\"1432\" data-end=\"1469\">estrategia, comunicaci\u00f3n y dise\u00f1o<\/strong> para ayudar a negocios y profesionales a <strong data-start=\"1511\" data-end=\"1568\">encontrar su voz, escalar y conectar con su comunidad<\/strong>.<\/p><p data-start=\"1573\" data-end=\"1724\">No creemos en \u201cpaquetes de redes sociales\u201d.<br data-start=\"1616\" data-end=\"1619\" \/>Creemos en construir marcas con prop\u00f3sito, tono propio y una base s\u00f3lida que aguante todo lo que viene.<\/p>\t\t\t\t\t\t\t\t<\/div>\n\t\t\t\t<\/div>\n\t\t\t\t<\/div>\n\t\t\t\t<\/div>\n\t\t\t\t\t<\/div>\n\t\t\t\t<\/div>\n\t\t<div class=\"elementor-element elementor-element-b0853b9 e-flex e-con-boxed e-con e-parent\" data-id=\"b0853b9\" data-element_type=\"container\" data-e-type=\"container\" data-settings=\"{&quot;background_background&quot;:&quot;classic&quot;,&quot;shape_divider_bottom&quot;:&quot;opacity-tilt&quot;}\">\n\t\t\t\t\t<div class=\"e-con-inner\">\n\t\t\t\t<div class=\"elementor-shape elementor-shape-bottom\" aria-hidden=\"true\" data-negative=\"false\">\n\t\t\t<svg xmlns=\"http:\/\/www.w3.org\/2000\/svg\" viewBox=\"0 0 2600 131.1\" preserveAspectRatio=\"none\">\n\t<path class=\"elementor-shape-fill\" d=\"M0 0L2600 0 2600 69.1 0 0z\"\/>\n\t<path class=\"elementor-shape-fill\" style=\"opacity:0.5\" d=\"M0 0L2600 0 2600 69.1 0 69.1z\"\/>\n\t<path class=\"elementor-shape-fill\" style=\"opacity:0.25\" d=\"M2600 0L0 0 0 130.1 2600 69.1z\"\/>\n<\/svg>\t\t<\/div>\n\t\t<div class=\"elementor-element elementor-element-f771d80 e-con-full e-flex e-con e-child\" data-id=\"f771d80\" data-element_type=\"container\" data-e-type=\"container\">\n\t\t\t\t<div class=\"elementor-element elementor-element-b81000d elementor-widget elementor-widget-heading\" data-id=\"b81000d\" data-element_type=\"widget\" data-e-type=\"widget\" data-widget_type=\"heading.default\">\n\t\t\t\t<div class=\"elementor-widget-container\">\n\t\t\t\t\t<h2 class=\"elementor-heading-title elementor-size-default\">Creemos en lo que hacemos, y lo hacemos diferente.<\/h2>\t\t\t\t<\/div>\n\t\t\t\t<\/div>\n\t\t\t\t<div class=\"elementor-element elementor-element-58150a1 elementor-widget elementor-widget-text-editor\" data-id=\"58150a1\" data-element_type=\"widget\" data-e-type=\"widget\" data-widget_type=\"text-editor.default\">\n\t\t\t\t<div class=\"elementor-widget-container\">\n\t\t\t\t\t\t\t\t\t<p data-start=\"2366\" data-end=\"2637\">Somos estrategas digitales, copywriters, dise\u00f1adores y creadores que vivimos el marketing con una mezcla de m\u00e9todo y locura.<br data-start=\"2490\" data-end=\"2493\">Sabemos lo que funciona porque lo aplicamos cada d\u00eda en marcas reales: desde asesor\u00edas hasta cosm\u00e9tica, salud femenina o proyectos personales.<\/p>\n<p data-start=\"2639\" data-end=\"2842\">Cada cliente se convierte en parte del equipo. No trabajamos <em data-start=\"2702\" data-end=\"2711\">para ti<\/em>, trabajamos <em data-start=\"2724\" data-end=\"2733\">contigo<\/em>.<br data-start=\"2734\" data-end=\"2737\">Y s\u00ed, probablemente te hagamos pensar m\u00e1s de lo que esperas (pero tambi\u00e9n re\u00edr m\u00e1s de lo que imaginas).<\/p><p data-start=\"2904\" data-end=\"3015\">Si has llegado hasta aqu\u00ed, es porque intuyes que tu marca puede dar m\u00e1s de s\u00ed, nosotros tambi\u00e9n lo creemos.<\/p><p data-start=\"2639\" data-end=\"2842\">\n<\/p><p data-start=\"3017\" data-end=\"3155\">Es momento de ponerle estrategia, ritmo y color a tu comunicaci\u00f3n y&nbsp;de construir algo que no solo se vea bonito, sino que <em data-start=\"3142\" data-end=\"3152\">funcione<\/em>.<\/p>\t\t\t\t\t\t\t\t<\/div>\n\t\t\t\t<\/div>\n\t\t\t\t<\/div>\n\t\t\t\t\t<\/div>\n\t\t\t\t<\/div>\n\t\t\t\t<\/div>\n\t\t","protected":false},"excerpt":{"rendered":"<p>No nacimos para hacer \u201cm\u00e1s de lo mismo\u201d. Nacimos para demostrar que el marketing puede ser fresco, estrat\u00e9gico y, sobre todo, real.Que detr\u00e1s de cada negocio hay una historia, una voz y una energ\u00eda que pueden transformarse en una marca inolvidable. Mandarina es eso: la mezcla perfecta entre cabeza estrat\u00e9gica y coraz\u00f3n creativo.Entre lo que [&hellip;]<\/p>\n","protected":false},"author":1,"featured_media":0,"parent":0,"menu_order":0,"comment_status":"closed","ping_status":"closed","template":"elementor_header_footer","meta":{"footnotes":""},"class_list":["post-237","page","type-page","status-publish","hentry"],"yoast_head":"<!-- This site is optimized with the Yoast SEO plugin v27.3 - https:\/\/yoast.com\/product\/yoast-seo-wordpress\/ -->\n<title>Mandarina - Mandarina - Agencia de Marketing Digital<\/title>\n<meta name=\"description\" content=\"No somos una agencia m\u00e1s. Somos Agencia Mandarina: estrategia, comunicaci\u00f3n y dise\u00f1o con alma. Conectamos marcas con personas reales. \ud83d\udcac\" \/>\n<meta name=\"robots\" content=\"index, follow, max-snippet:-1, max-image-preview:large, max-video-preview:-1\" \/>\n<link rel=\"canonical\" href=\"http:\/\/mandarinaagencia.com\/index.php\/agencia-mandarina\/\" \/>\n<meta property=\"og:locale\" content=\"es_ES\" \/>\n<meta property=\"og:type\" content=\"article\" \/>\n<meta property=\"og:title\" content=\"Mandarina - Mandarina - Agencia de Marketing Digital\" \/>\n<meta property=\"og:description\" content=\"No somos una agencia m\u00e1s. Somos Agencia Mandarina: estrategia, comunicaci\u00f3n y dise\u00f1o con alma. Conectamos marcas con personas reales. \ud83d\udcac\" \/>\n<meta property=\"og:url\" content=\"http:\/\/mandarinaagencia.com\/index.php\/agencia-mandarina\/\" \/>\n<meta property=\"og:site_name\" content=\"Mandarina - Agencia de Marketing Digital\" \/>\n<meta property=\"article:publisher\" content=\"https:\/\/www.facebook.com\/mandarina.agencia\" \/>\n<meta property=\"article:modified_time\" content=\"2025-11-05T15:37:32+00:00\" \/>\n<meta property=\"og:image\" content=\"https:\/\/mandarinaagencia.com\/wp-content\/uploads\/2025\/11\/mandarina_transparente-768x768.png\" \/>\n<meta name=\"twitter:card\" content=\"summary_large_image\" \/>\n<meta name=\"twitter:label1\" content=\"Tiempo de lectura\" \/>\n\t<meta name=\"twitter:data1\" content=\"2 minutos\" \/>\n<script type=\"application\/ld+json\" class=\"yoast-schema-graph\">{\"@context\":\"https:\\\/\\\/schema.org\",\"@graph\":[{\"@type\":\"WebPage\",\"@id\":\"http:\\\/\\\/mandarinaagencia.com\\\/index.php\\\/agencia-mandarina\\\/\",\"url\":\"http:\\\/\\\/mandarinaagencia.com\\\/index.php\\\/agencia-mandarina\\\/\",\"name\":\"Mandarina - Mandarina - Agencia de Marketing Digital\",\"isPartOf\":{\"@id\":\"http:\\\/\\\/mandarinaagencia.com\\\/#website\"},\"primaryImageOfPage\":{\"@id\":\"http:\\\/\\\/mandarinaagencia.com\\\/index.php\\\/agencia-mandarina\\\/#primaryimage\"},\"image\":{\"@id\":\"http:\\\/\\\/mandarinaagencia.com\\\/index.php\\\/agencia-mandarina\\\/#primaryimage\"},\"thumbnailUrl\":\"https:\\\/\\\/mandarinaagencia.com\\\/wp-content\\\/uploads\\\/2025\\\/11\\\/mandarina_transparente-768x768.png\",\"datePublished\":\"2025-11-05T12:25:48+00:00\",\"dateModified\":\"2025-11-05T15:37:32+00:00\",\"description\":\"No somos una agencia m\u00e1s. Somos Agencia Mandarina: estrategia, comunicaci\u00f3n y dise\u00f1o con alma. Conectamos marcas con personas reales. \ud83d\udcac\",\"breadcrumb\":{\"@id\":\"http:\\\/\\\/mandarinaagencia.com\\\/index.php\\\/agencia-mandarina\\\/#breadcrumb\"},\"inLanguage\":\"es\",\"potentialAction\":[{\"@type\":\"ReadAction\",\"target\":[\"http:\\\/\\\/mandarinaagencia.com\\\/index.php\\\/agencia-mandarina\\\/\"]}]},{\"@type\":\"ImageObject\",\"inLanguage\":\"es\",\"@id\":\"http:\\\/\\\/mandarinaagencia.com\\\/index.php\\\/agencia-mandarina\\\/#primaryimage\",\"url\":\"https:\\\/\\\/mandarinaagencia.com\\\/wp-content\\\/uploads\\\/2025\\\/11\\\/mandarina_transparente-768x768.png\",\"contentUrl\":\"https:\\\/\\\/mandarinaagencia.com\\\/wp-content\\\/uploads\\\/2025\\\/11\\\/mandarina_transparente-768x768.png\"},{\"@type\":\"BreadcrumbList\",\"@id\":\"http:\\\/\\\/mandarinaagencia.com\\\/index.php\\\/agencia-mandarina\\\/#breadcrumb\",\"itemListElement\":[{\"@type\":\"ListItem\",\"position\":1,\"name\":\"Portada\",\"item\":\"https:\\\/\\\/mandarinaagencia.com\\\/\"},{\"@type\":\"ListItem\",\"position\":2,\"name\":\"Mandarina\"}]},{\"@type\":\"WebSite\",\"@id\":\"http:\\\/\\\/mandarinaagencia.com\\\/#website\",\"url\":\"http:\\\/\\\/mandarinaagencia.com\\\/\",\"name\":\"Mandarina - Agencia de Marketing Digital\",\"description\":\"\",\"publisher\":{\"@id\":\"http:\\\/\\\/mandarinaagencia.com\\\/#organization\"},\"potentialAction\":[{\"@type\":\"SearchAction\",\"target\":{\"@type\":\"EntryPoint\",\"urlTemplate\":\"http:\\\/\\\/mandarinaagencia.com\\\/?s={search_term_string}\"},\"query-input\":{\"@type\":\"PropertyValueSpecification\",\"valueRequired\":true,\"valueName\":\"search_term_string\"}}],\"inLanguage\":\"es\"},{\"@type\":\"Organization\",\"@id\":\"http:\\\/\\\/mandarinaagencia.com\\\/#organization\",\"name\":\"Mandarina - Agencia de Marketing Digital\",\"url\":\"http:\\\/\\\/mandarinaagencia.com\\\/\",\"logo\":{\"@type\":\"ImageObject\",\"inLanguage\":\"es\",\"@id\":\"http:\\\/\\\/mandarinaagencia.com\\\/#\\\/schema\\\/logo\\\/image\\\/\",\"url\":\"http:\\\/\\\/mandarinaagencia.com\\\/wp-content\\\/uploads\\\/2025\\\/08\\\/transparente-naranja.png\",\"contentUrl\":\"http:\\\/\\\/mandarinaagencia.com\\\/wp-content\\\/uploads\\\/2025\\\/08\\\/transparente-naranja.png\",\"width\":500,\"height\":106,\"caption\":\"Mandarina - Agencia de Marketing Digital\"},\"image\":{\"@id\":\"http:\\\/\\\/mandarinaagencia.com\\\/#\\\/schema\\\/logo\\\/image\\\/\"},\"sameAs\":[\"https:\\\/\\\/www.facebook.com\\\/mandarina.agencia\",\"https:\\\/\\\/www.instagram.com\\\/mandarinaagencia\"]}]}<\/script>\n<!-- \/ Yoast SEO plugin. -->","yoast_head_json":{"title":"Mandarina - Mandarina - Agencia de Marketing Digital","description":"No somos una agencia m\u00e1s. Somos Agencia Mandarina: estrategia, comunicaci\u00f3n y dise\u00f1o con alma. Conectamos marcas con personas reales. \ud83d\udcac","robots":{"index":"index","follow":"follow","max-snippet":"max-snippet:-1","max-image-preview":"max-image-preview:large","max-video-preview":"max-video-preview:-1"},"canonical":"http:\/\/mandarinaagencia.com\/index.php\/agencia-mandarina\/","og_locale":"es_ES","og_type":"article","og_title":"Mandarina - Mandarina - Agencia de Marketing Digital","og_description":"No somos una agencia m\u00e1s. Somos Agencia Mandarina: estrategia, comunicaci\u00f3n y dise\u00f1o con alma. Conectamos marcas con personas reales. \ud83d\udcac","og_url":"http:\/\/mandarinaagencia.com\/index.php\/agencia-mandarina\/","og_site_name":"Mandarina - Agencia de Marketing Digital","article_publisher":"https:\/\/www.facebook.com\/mandarina.agencia","article_modified_time":"2025-11-05T15:37:32+00:00","og_image":[{"url":"https:\/\/mandarinaagencia.com\/wp-content\/uploads\/2025\/11\/mandarina_transparente-768x768.png","type":"","width":"","height":""}],"twitter_card":"summary_large_image","twitter_misc":{"Tiempo de lectura":"2 minutos"},"schema":{"@context":"https:\/\/schema.org","@graph":[{"@type":"WebPage","@id":"http:\/\/mandarinaagencia.com\/index.php\/agencia-mandarina\/","url":"http:\/\/mandarinaagencia.com\/index.php\/agencia-mandarina\/","name":"Mandarina - Mandarina - Agencia de Marketing Digital","isPartOf":{"@id":"http:\/\/mandarinaagencia.com\/#website"},"primaryImageOfPage":{"@id":"http:\/\/mandarinaagencia.com\/index.php\/agencia-mandarina\/#primaryimage"},"image":{"@id":"http:\/\/mandarinaagencia.com\/index.php\/agencia-mandarina\/#primaryimage"},"thumbnailUrl":"https:\/\/mandarinaagencia.com\/wp-content\/uploads\/2025\/11\/mandarina_transparente-768x768.png","datePublished":"2025-11-05T12:25:48+00:00","dateModified":"2025-11-05T15:37:32+00:00","description":"No somos una agencia m\u00e1s. Somos Agencia Mandarina: estrategia, comunicaci\u00f3n y dise\u00f1o con alma. Conectamos marcas con personas reales. \ud83d\udcac","breadcrumb":{"@id":"http:\/\/mandarinaagencia.com\/index.php\/agencia-mandarina\/#breadcrumb"},"inLanguage":"es","potentialAction":[{"@type":"ReadAction","target":["http:\/\/mandarinaagencia.com\/index.php\/agencia-mandarina\/"]}]},{"@type":"ImageObject","inLanguage":"es","@id":"http:\/\/mandarinaagencia.com\/index.php\/agencia-mandarina\/#primaryimage","url":"https:\/\/mandarinaagencia.com\/wp-content\/uploads\/2025\/11\/mandarina_transparente-768x768.png","contentUrl":"https:\/\/mandarinaagencia.com\/wp-content\/uploads\/2025\/11\/mandarina_transparente-768x768.png"},{"@type":"BreadcrumbList","@id":"http:\/\/mandarinaagencia.com\/index.php\/agencia-mandarina\/#breadcrumb","itemListElement":[{"@type":"ListItem","position":1,"name":"Portada","item":"https:\/\/mandarinaagencia.com\/"},{"@type":"ListItem","position":2,"name":"Mandarina"}]},{"@type":"WebSite","@id":"http:\/\/mandarinaagencia.com\/#website","url":"http:\/\/mandarinaagencia.com\/","name":"Mandarina - Agencia de Marketing Digital","description":"","publisher":{"@id":"http:\/\/mandarinaagencia.com\/#organization"},"potentialAction":[{"@type":"SearchAction","target":{"@type":"EntryPoint","urlTemplate":"http:\/\/mandarinaagencia.com\/?s={search_term_string}"},"query-input":{"@type":"PropertyValueSpecification","valueRequired":true,"valueName":"search_term_string"}}],"inLanguage":"es"},{"@type":"Organization","@id":"http:\/\/mandarinaagencia.com\/#organization","name":"Mandarina - Agencia de Marketing Digital","url":"http:\/\/mandarinaagencia.com\/","logo":{"@type":"ImageObject","inLanguage":"es","@id":"http:\/\/mandarinaagencia.com\/#\/schema\/logo\/image\/","url":"http:\/\/mandarinaagencia.com\/wp-content\/uploads\/2025\/08\/transparente-naranja.png","contentUrl":"http:\/\/mandarinaagencia.com\/wp-content\/uploads\/2025\/08\/transparente-naranja.png","width":500,"height":106,"caption":"Mandarina - Agencia de Marketing Digital"},"image":{"@id":"http:\/\/mandarinaagencia.com\/#\/schema\/logo\/image\/"},"sameAs":["https:\/\/www.facebook.com\/mandarina.agencia","https:\/\/www.instagram.com\/mandarinaagencia"]}]}},"_links":{"self":[{"href":"http:\/\/mandarinaagencia.com\/index.php\/wp-json\/wp\/v2\/pages\/237","targetHints":{"allow":["GET"]}}],"collection":[{"href":"http:\/\/mandarinaagencia.com\/index.php\/wp-json\/wp\/v2\/pages"}],"about":[{"href":"http:\/\/mandarinaagencia.com\/index.php\/wp-json\/wp\/v2\/types\/page"}],"author":[{"embeddable":true,"href":"http:\/\/mandarinaagencia.com\/index.php\/wp-json\/wp\/v2\/users\/1"}],"replies":[{"embeddable":true,"href":"http:\/\/mandarinaagencia.com\/index.php\/wp-json\/wp\/v2\/comments?post=237"}],"version-history":[{"count":6,"href":"http:\/\/mandarinaagencia.com\/index.php\/wp-json\/wp\/v2\/pages\/237\/revisions"}],"predecessor-version":[{"id":251,"href":"http:\/\/mandarinaagencia.com\/index.php\/wp-json\/wp\/v2\/pages\/237\/revisions\/251"}],"wp:attachment":[{"href":"http:\/\/mandarinaagencia.com\/index.php\/wp-json\/wp\/v2\/media?parent=237"}],"curies":[{"name":"wp","href":"https:\/\/api.w.org\/{rel}","templated":true}]}}